 m?
5
Let a = 104 - 66. Let o = -855 + 857. What is the highest common factor of a and o?
2
Let w be 10/((-140)/(-189))*4. What is the greatest common factor of w and 6?
6
Let g(i) be the second derivative of 11*i**4/6 + i**3/6 - 13*i. Let u be g(-1). Calculate the greatest common divisor of 84 and u.
21
Let l(t) = -t**3 - 6*t**2 - 30*t + 10. Let p be l(-6). What is the greatest common divisor of 20 and p?
10
Suppose 5*t - 28 = -2*g + 3*t, -g + 34 = -3*t. What is the greatest common divisor of 95 and g?
19
Suppose -d - 3*s = -105, 3*s + 177 = 2*d - 2*s. What is the greatest common divisor of 60 and d?
12
Let c(v) = -v**3 - 14*v**2 - 6*v + 13. Let i be c(-15). Let j be 2/7 - 19/((-532)/i). Calculate the highest common factor of 84 and j.
12
Let x = -17 - -16. Let l be 5/2*(x - -7). Let c = -8 + 14. What is the greatest common factor of l and c?
3
Suppose 5*s = 2397 + 543. Suppose -3*z + 0*z = -s. Suppose -2*o + 68 - 12 = 0. Calculate the highest common factor of z and o.
28
Let i(y) = y + 10. Let k be i(-5). Let p be (k/(-2))/(14/(-364)). What is the highest common factor of 13 and p?
13
Let h = 418 + -170. Calculate the highest common divisor of 31 and h.
31
Let k(j) be the first derivative of -j**2/2 + 11*j - 1. Let c be k(-9). Let y = 273 + -113. What is the greatest common factor of y and c?
20
Suppose t - 4*l - 20 = 0, -4*t + 23 = -4*l + 3. Let k be (7*10 - -2) + t. Calculate the highest common divisor of k and 18.
18
Suppose 2*z = 4*z - 8. Let k(r) = -3*r**2 - r + 2*r + 34*r**3 - 1 - 35*r**3 + 7*r**2. Let b be k(z). What is the greatest common divisor of 15 and b?
3
Suppose 2*i + 20 = 3*i. Let s(g) = -8*g**2 - 16*g + 19*g**2 - 13 + 24*g**3 - 25*g**3. Let p be s(9). What is the greatest common factor of i and p?
5
Let b = 110 - 64. Suppose 2*y = b - 16. Let c = -8 + y. Calculate the greatest common factor of c and 56.
7
Let l(w) = -2*w**3 - 6*w**2 + w + 7. Let i be l(7). Let c be i/(-9) + 2/3. Let a = -14539 + 14551. Calculate the greatest common divisor of a and c.
12
Let w(a) = -a**2 - 6*a - 5. Let x be w(-5). Let m be (3 + x + -1)*10. Let s be (-90)/(-4)*9/((-54)/(-8)). What is the highest common factor of s and m?
10
Suppose -50 = -4*s + 22. What is the greatest common factor of s and 171?
9
Let p(k) = -k**3 - 3*k**2 + 3*k + 5. Let j be p(-5). Suppose 3*v + 597 = 5*y, 3*y + 9*v = 7*v + 362. What is the highest common divisor of y and j?
40
Let o = 4 + -2. Suppose 3*u = -3*f + 36, 8 + 28 = f - 5*u. Calculate the greatest common divisor of f and o.
2
Suppose 0 = 5*a + a - 246. What is the greatest common factor of 2 and a?
1
Let u(g) = g**3 - 6*g**2 - 7*g. Let b be u(7). Suppose b = -7*z + 10*z + 6. Let v be 2 + -4 + 148 + z. What is the highest common factor of v and 18?
18
Suppose -3*b + t + 3*t + 38 = 0, 2*t = -2*b + 44. Let s(h) = h**2 + 291*h + 9008. Let j be s(-35). Calculate the highest common factor of j and b.
6
Let f = -1353 + 2628. Calculate the highest common divisor of f and 51.
51
Suppose 0 = -2*t + 2*s - 2, 5*t - 2*s = -4 + 5. Calculate the greatest common divisor of t and 47.
1
Suppose 137 + 103 = 5*v. Calculate the highest common divisor of v and 9.
3
Suppose 8*f - 3*f - 10 = 0. Let q(j) = 2*j + 79. Let g be q(-40). Let x be -24*f*g/3. What is the greatest common divisor of x and 40?
8
Let v = -222 - -248. Calculate the highest common divisor of v and 143.
13
Suppose 5*k + 130 = 5*d - 130, -5*d + 3*k = -264. What is the highest common divisor of 27 and d?
27
Let j(a) = -12*a**3 - a**2 - a. Let v be j(-1). Suppose 2*f + 77 = 3*f. Let w = f + -53. What is the greatest common factor of v and w?
12
Suppose 2*x + 11 = 3*g, 3 = 4*g + x - 8. Let t be -2 - 1 - -66 - g. Calculate the highest common divisor of 90 and t.
30
Let i(g) = g**2 - 4*g - 2. Let f be i(5). Suppose l + 14 = 3*x, -3*x + 5 - f = 5*l. What is the highest common factor of x and 1?
1
Suppose 4*r - 19 = -3*f, r + f + 19 = 5*f. Suppose -5 + r = -p. Suppose -3*w + 10 = -p*k + 76, -4*w = 3*k - 37. What is the greatest common divisor of k and 15?
15
Let z = -26 + 17. Let v = -4 - z. Let a = 23 + v. Calculate the greatest common divisor of a and 4.
4
Let y be 153/(-51)*(-6 - 0). Suppose 2*t - 270 = 2*w, 4 = -w + 2. Suppose 0 = -r - 4, -57 = -h - 2*r + t. What is the highest common factor of y and h?
18
Let g = -253 + 283. Calculate the greatest common factor of 160 and g.
10
Suppose -5*n + 1261 = 3*d - 158, 3*n + 2*d - 852 = 0. What is the highest common divisor of n and 12?
6
Let m(s) = -55*s + 279. Let q be m(4). What is the greatest common factor of 59 and q?
59
Suppose 0 = 2*a - 17 - 23. Let m = 65 - a. Calculate the greatest common factor of 9 and m.
9
Let a be 32*(1 + (-3)/12). Let s = 91 + -80. Let o(f) = f**3 - 12*f**2 + 10*f + 14. Let j be o(s). Calculate the greatest common divisor of a and j.
3
Let r = 6 - -10. Suppose 0*q + 177 = k - q, 2*q + 882 = 5*k. What is the greatest common divisor of r and k?
16
Let s(g) = g**2 - g - 1. Let v be s(2). Suppose -4*p = 2*f - 24, 5*f - 6 = -2*p + f. Let r = p - 5. What is the highest common factor of v and r?
1
Let p(l) = 7*l**3 - 5*l**2 + 6*l - 3. Let a be p(2). Calculate the greatest common factor of a and 1755.
45
Let h(w) = -23 + 24 - 6*w - 2*w. Let p be h(-6). Let i = 95 + p. What is the greatest common factor of 18 and i?
18
Suppose 20 = -5*c - 2*a, 3*c - 3*a - 2*a = 19. Let v be c/16 - 1/(-8). Let t(y) = y + 40. Let w be t(v). What is the highest common factor of w and 8?
8
Suppose 5*j + 2*f - 15 - 11 = 0, -2*j - 3*f = -17. Suppose 0 = -3*n, 5*q - q + j*n - 12 = 0. Calculate the highest common divisor of q and 48.
3
Let z be (-37)/(-12) + 15/(-180). Let q be 2/(-2) - 40/(-20). Calculate the highest common factor of z and q.
1
Suppose -23*k + 29*k - 294 = 0. Suppose 0 = -2*d - 4*s + 5*s + k, s = 4*d - 99. What is the highest common divisor of 10 and d?
5
Let t = 1 - -2. Suppose 0 = 4*u - t*u + 54. Let l = u + 159. What is the greatest common factor of l and 15?
15
Suppose 0 = -5*g - r - 20, -35 = 6*g - 3*g - 4*r. Let w be 6*-7*(g - -3). Calculate the highest common factor of w and 12.
12
Let j = 243 - 234. Let u = -21 - -27. Calculate the highest common divisor of u and j.
3
Suppose -5*s - 5 = 0, -584 = -5*d + 3*s + 4. Calculate the highest common divisor of d and 13.
13
Let j(y) = 9*y + 9. Let g be j(4). Let u be g/(-105) - (-2236)/7. Calculate the highest common divisor of 29 and u.
29
Suppose -4*m - 48 = -7*m. Let f(j) = -j + 21. Let k be f(m). Let l be 3 - k - (-16)/1. What is the highest common factor of l and 42?
14
Suppose 3*c + 57 = 243. Suppose c + 3 = 5*y. Calculate the highest common factor of 143 and y.
13
Suppose -2*j + 4*b + 202 = 0, 17*j - 12*j - 2*b = 473. Calculate the highest common divisor of j and 31.
31
Suppose -5*m - 90 = -7*m. Suppose 0 = -5*d + 20 + 25. Calculate the greatest common divisor of d and m.
9
Suppose -5*b + 156 = 4*o, -189 + 41 = -4*o - 3*b. Suppose -7*j + o = -43. Let m be 6/9 + 328/3. What is the highest common factor of j and m?
11
Suppose -n + 4*l = 3*l, 3*n = -l - 4. Let s be ((-16)/10)/(n/10). What is the highest common divisor of s and 32?
16
Let k = -211 - -255. Suppose 5*z + 12 = 32. Calculate the greatest common factor of k and z.
4
Let j(h) = -h**3 - 4*h**2 + 5*h + 2. Let n be j(-5). Let i be (-3)/(-6)*(-12)/n. Let w be (-42)/(i/(60/8)). What is the highest common divisor of 21 and w?
21
Suppose -2*j + 3*j = -4*x + 4, -2*j + 38 = -2*x. Suppose -b + 34 = -0*b + 5*g, 4*g + j = b. Calculate the greatest common factor of b and 72.
24
Let s be (0 - -26)/((-2)/(-12)). Suppose 0 = -3*a + 5*x + s, -3*x + 0*x - 56 = -a. Calculate the highest common divisor of 94 and a.
47
Suppose -2*t = -j + 56, 13*j = 15*t - 13*t + 632. What is the highest common divisor of 120 and j?
24
Suppose -3*z = -2*t - 1180, -3*z + 2*t - 6*t + 1168 = 0. What is the greatest common factor of z and 28?
28
Let a be 2/(-6) - (-3148)/12. Suppose a = 5*z + 77. Calculate the greatest common factor of 259 and z.
37
Let r be 2/(-5) - 54/(-10). Let u = 135 - 100. Calculate the highest common divisor of r and u.
5
Let v = -139 + 168. What is the highest common factor of v and 261?
29
Let t(q) be the first derivative of q**2/2 + 2*q - 14. Let z be t(2). Suppose 3*p - 64 = -z. Calculate the greatest common fa